 - c*t + 22 = 0, 4 = n + 2*t - 8. What is the remainder when n is divided by 2?
0
What is the remainder when 447 is divided by (-117)/(-663)*2/(-3) + (-1617)/(-17)?
67
What is the remainder when 2 + -6 - (101745/(-15) - (1 + 3)) is divided by 64?
63
Let w = -4433 + 8815. Suppose -2*q + 2*r = -1760, -9*q - r + w = -4*q. What is the remainder when q is divided by 44?
41
Suppose -92*w - 108 + 384 = 0. What is the remainder when 1643 is divided by w?
2
Suppose -3999 - 2394 = 25*z - 30493. What is the remainder when z is divided by 20?
4
Suppose -2*o = 48 - 166. Suppose -n = -5, 6*n - n + o = 2*m. Let v = 822629 + -822464. What is the remainder when v is divided by m?
39
Let t be 148*15/18*(-6)/(-4). Let g = -142 + t. What is the remainder when g is divided by 11?
10
Let k = -74 + 44. Let m = k + 16. Let n = 25 + m. Calculate the remainder when 60 is divided by n.
5
Let t(x) = -x**3 - 5*x**2 + x + 20. Let f be t(-4). Suppose 5*r + 10 = 0, -3*h = r - f*r - 7. What is the remainder when 45 is divided by h?
0
Let f be -2 + -3 + (7 - -269). Suppose -f = -3*o + 2*r, 2*r - 31 - 54 = -o. Suppose 12*u = 9*u + 72. What is the remainder when o is divided by u?
17
Suppose -7 - 335 = -18*s. Suppose -74 = -3*f + s. Suppose -20 = 5*b - 9*b. Calculate the remainder when f is divided by b.
1
Let v be ((-18)/2)/(((-18)/5)/6). Suppose 4*m - 823 = -5*a, -594 = -18*m + v*m + 4*a. Calculate the remainder when m is divided by 68.
66
Suppose -3*r - u = -15, 3*r = 3*u - 8*u + 15. Let k = 9 - r. What is the remainder when 1/(((-12)/k)/(-369)) is divided by 21?
18
Let c(z) = -z**2 + 11*z + 128. Let q be c(18). Suppose 2*u - 39 = q*p - 3*p, -4*u = -2*p + 70. Calculate the remainder when 147 is divided by p.
36
What is the remainder when 2945 is divided by 6840/42 - 8/(-48 + -8)?
11
Suppose 237 = -6*u + 903. Let q = -95 + u. Calculate the remainder when 61 is divided by q.
13
Let s(c) = -49*c - 388. What is the remainder when 67 is divided by s(-9)?
14
Let y = -8364 - -8974. What is the remainder when 621 is divided by y?
11
Let d(n) = -8*n - 57. Let u(i) = 12*i + 86. Let l(g) = -8*d(g) - 5*u(g). Let b = -187 + 198. What is the remainder when b is divided by l(-6)?
1
Suppose -7*n = -135 - 26. Suppose 26*p - n*p = 57. What is the remainder when 71 is divided by p?
14
Suppose -180 = -5*g - 610. Let u = g - -91. Let t(k) = -15*k - 1. Calculate the remainder when t(-2) is divided by u.
4
Let g(b) = 110*b + 265. Calculate the remainder when 269 is divided by g(-2).
44
Let m be 10 + -6 + -4*(-15)/(-6). Let o be 40/(-12)*8/20*m. Let i(a) = 4*a - 18. Calculate the remainder when 27 is divided by i(o).
13
Let m(u) be the second derivative of -u**5/20 - 2*u**4/3 - u**3/3 + 11*u**2/2 - u + 14. What is the remainder when 159 is divided by m(-8)?
24
Suppose p - 2*w = 3*p + 8, -3*p + 2*w = 22. Calculate the remainder when (100/p)/(68/24 + -3) is divided by (0 + 3 + -1)*17.
32
Let t = -267 - -271. Suppose 400 = t*x + 40. What is the remainder when x is divided by 31?
28
Let a = 28 + -25. Let k be -5*(-4 - (-1188)/(-20)). Suppose -l + k = 5*w, -3*w - l = a*l - 180. Calculate the remainder when w is divided by 18.
10
Suppose 351*s - 357*s + 63738 = 0. Calculate the remainder when s is divided by 21.
18
Let n(l) = 721*l - 9585. What is the remainder when n(19) is divided by 42?
40
Suppose 0 = 4*p + g - 107, -106 = -3*p + g - 31. Calculate the remainder when 111 is divided by p/8 + 12/16 + 15.
16
Suppose 5*j + 12 = 8*j, -4*j = 2*o - 6352. What is the remainder when o is divided by 151?
148
Let w = -13403 - -13411. Let y = 62 + -36. What is the remainder when y is divided by w?
2
Suppose 15*d + 1707 = 17*d + 9*r, -5*r + 5 = 0. Suppose -2*n - 10 + 110 = 0. What is the remainder when d is divided by n?
49
Suppose 333 = 2*x - 3*f, f = 5*x - 824 - 2. What is the remainder when x is divided by 49?
18
Calculate the remainder when 204 is divided by 5*((-10930)/(-400) - (2 + (-15)/8)).
68
Suppose -3*r - 4*o - 1 = -559, 5*o + 15 = 0. What is the remainder when r is divided by 39?
34
Suppose 0 = -8*u - 12*u + 9120. Suppose 2*r - r = -3, -4*c = 4*r - u. Calculate the remainder when c is divided by 40.
37
Calculate the remainder when 2039 is divided by (2034/(-54))/(1 - 56/48).
5
Let w = -1 - 1. Let d(t) = -3558 - 2*t**3 - 46*t**2 - 2*t + 45*t**2 + 3556. What is the remainder when 51 is divided by d(w)?
9
Let x(b) = b**3 - 19*b**2 + 23*b + 6. What is the remainder when x(18) is divided by (-1)/(-1 + 3 - 1) - -34?
30
Suppose 4*d - 12 = 4*q, 4*q = -60*d + 57*d + 16. Suppose d*c = 4*x - 20, 0*x + 5*c - 7 = x. What is the remainder when 30 is divided by x?
6
Let j = 5444 + -5435. What is the remainder when 116 is divided by j?
8
What is the remainder when 179 is divided by 2*((-108)/(-72))/((-3)/(-101))?
78
Let x be (-6)/(-2) + 10/5. Let z(m) = -m**3 + 6*m**2 - 3*m + 7. Let p(y) = y**3 + y**2 - 12*y + 11. Calculate the remainder when p(5) is divided by z(x).
16
Suppose -18 = -7*g - 4. Suppose 1628 = 10*b - g. Calculate the remainder when b is divided by 11.
9
What is the remainder when 472 is divided by (-525)/(-7) + (-7)/1?
64
Let b(q) = -q**2 + 60*q + 330. Let y be b(56). Let k = y - 525. What is the remainder when 150 is divided by k?
5
Let g(d) be the first derivative of 4*d**2 - 20*d + 48. Calculate the remainder when g(8) is divided by 15.
14
Suppose -236*z + 9984 = 76*z. Let o(j) = -48*j + 1. Calculate the remainder when o(-3) is divided by z.
17
Suppose 22*z = 21*z + y + 334, -3*z - 4*y = -981. Suppose 0 = -3*l - 4*a + 103, 0*l + 2*l = -2*a + 70. Calculate the remainder when z is divided by l.
35
Let y = -71 - -136. Suppose 207 = 3*m + 5*f, -f + y + 66 = 2*m. What is the remainder when 127 is divided by m?
63
Let v = 269 + -111. Let z = v + -39. Let r(y) = y**3 + 14*y**2 - 3*y - 2. What is the remainder when z is divided by r(-14)?
39
Let j = -12707 - -14682. Calculate the remainder when j is divided by 62.
53
Let b(h) = h**2 + 7*h + 43. Let x be b(-5). Suppose l - 2*p = 46, -4*l - 3*p + x = -96. Calculate the remainder when 572 is divided by l.
32
Let u be 51/3 + (0 - -3). Suppose -s - u = -5*s - 5*m, 0 = -m. Suppose 3197*v - 3201*v + 16 = 0. What is the remainder when s is divided by v?
1
Suppose 3*o + j + 54 = -11, -4*j + 13 = -o. Let b(c) = -c**3 - 20*c**2 + 13*c + 36. What is the remainder when b(o) is divided by 16?
12
Suppose 2*v + 4*y = 62, 5*v - 127 = 21*y - 17*y. What is the remainder when 238 is divided by v?
22
Let y be (-7 + 6)/(((-9)/(-15))/3). Calculate the remainder when ((-226)/(-6))/(y/(-60)*4) is divided by 7.
1
What is the remainder when 395 is divided by (-40 + -8)*(-25)/150?
3
Let m be 3264/144*45/2. Suppose -m - 26 = -8*y. What is the remainder when 264 is divided by y?
63
Let b = 24 + -24. Suppose b*a - 7*a = -2*a. Suppose a = -3*x + 147 + 48. Calculate the remainder when x is divided by 23.
19
Let t(o) = -o**2 + 0*o + 4*o**2 - o + 1. Let d be t(2). Suppose 9*c = d*c - 14. What is the remainder when 34 is divided by c?
6
Let n(x) = 24*x + 7. Let l be n(2). Let m = -85 + l. Let s = m - -47. Calculate the remainder when 81 is divided by s.
13
Suppose 5319 = -8*w + 5567. Suppose u = 3*u - 428. What is the remainder when u is divided by w?
28
Let i(y) = 4*y**2 - 3*y + 3. Let j = -40 + 48. Suppose 2*q - 4 - j = 0. Calculate the remainder when i(2) is divided by q.
1
Let k be ((-1)/(-3))/((-55)/(-18) + -3). Let v(w) = 22*w - 86. What is the remainder when 550 is divided by v(k)?
44
Suppose 0 = 90*b - 1333 - 377. Calculate the remainder when 1024 is divided by b.
17
Let y(i) = -40*i**3 + i**2 - i - 1. Let k(p) = 2*p**2 + 13. Let z be k(-9). Let x = 196 - z. Calculate the remainder when y(-1) is divided by x.
20
Suppose -5*h = 24 - 44. Suppose -2*b = -42 - 20. Suppose -3*m + 44 + b = 0. What is the remainder when m is divided by h?
1
Let s = -689 + 705. Let q(j) = 50*j - 137. Calculate the remainder when q(s) is divided by 19.
17
Suppose -5*x + g + 29 = 0, 2*g - 7*g - 20 = 0. Suppose -x*s + 8 = -17. Suppose -3*u = -s*u + 50. Calculate the remainder when u is divided by 13.
12
Suppose 3*r - 373 = z + 349, 0 = 5*r - 2*z - 1201. What is the remainder when r is divided by 106?
31
Let a = -134 - -159. Suppose 4*s + 88 = -2*b + 6*b, -2*s - a = -b. What is the remainder when 74 is divided 